{"id":1947,"date":"2025-11-17T14:31:12","date_gmt":"2025-11-17T21:31:12","guid":{"rendered":"https:\/\/sys21.mx\/?page_id=1947"},"modified":"2025-11-17T16:05:12","modified_gmt":"2025-11-17T23:05:12","slug":"quienes-somos","status":"publish","type":"page","link":"https:\/\/sys21.mx\/index.php\/quienes-somos\/","title":{"rendered":"QUIENES SOMOS"},"content":{"rendered":"<div data-colibri-id=\"1947-c1\" class=\"style-1394 style-local-1947-c1 position-relative\">\n  <!---->\n  <div data-colibri-component=\"section\" data-colibri-id=\"1947-c2\" id=\"about\" class=\"h-section h-section-global-spacing d-flex align-items-lg-center align-items-md-center align-items-center style-1435 style-local-1947-c2 position-relative\">\n    <!---->\n    <!---->\n    <div class=\"h-section-grid-container h-section-boxed-container\">\n      <!---->\n      <div data-colibri-id=\"1947-c3\" class=\"h-row-container gutters-row-lg-0 gutters-row-md-0 gutters-row-2 gutters-row-v-lg-0 gutters-row-v-md-0 gutters-row-v-2 style-1436 style-local-1947-c3 position-relative\">\n        <!---->\n        <div class=\"h-row justify-content-lg-center justify-content-md-center justify-content-center align-items-lg-stretch align-items-md-stretch align-items-stretch gutters-col-lg-0 gutters-col-md-0 gutters-col-2 gutters-col-v-lg-0 gutters-col-v-md-0 gutters-col-v-2\">\n          <!---->\n          <div class=\"h-column h-column-container d-flex h-col-lg-auto h-col-md-auto h-col-auto style-1437-outer style-local-1947-c4-outer\">\n            <div data-colibri-id=\"1947-c4\" class=\"d-flex h-flex-basis h-column__inner h-px-lg-3 h-px-md-3 h-px-3 v-inner-lg-3 v-inner-md-3 v-inner-3 style-1437 style-local-1947-c4 position-relative\">\n              <!---->\n              <!---->\n              <div class=\"w-100 h-y-container h-column__content h-column__v-align flex-basis-100 align-self-lg-center align-self-md-center align-self-center\">\n                <!---->\n                <div data-colibri-id=\"1947-c5\" class=\"h-global-transition-all h-heading style-1438 style-local-1947-c5 position-relative h-element\">\n                  <!---->\n                  <div class=\"h-heading__outer style-1438 style-local-1947-c5\">\n                    <!---->\n                    <!---->\n                    <h2 class=\"\"><span style=\"font-family: &quot;Archivo Black&quot;; color: rgb(29, 28, 29);\">QUI\u00c9NES SOMOS<\/span><\/h2>\n                  <\/div>\n                <\/div>\n                <div data-colibri-id=\"1947-c6\" class=\"h-text h-text-component style-1440 style-local-1947-c6 position-relative h-element\">\n                  <!---->\n                  <!---->\n                  <div class=\"\">\n                    <p><span style=\"font-weight: 800;\">Fundada hace m\u00e1s de 40 a\u00f1os en el coraz\u00f3n agr\u00edcola<\/span><span style=\"font-weight: 600;\"> de Sinaloa, un lugar donde la agricultura es el latido de la comunidad y la tierra cuenta historias de esfuerzo y dedicaci\u00f3n. Desde nuestros inicios, nos hemos dedicado a ofrecer soluciones tecnol\u00f3gicas integrales, dise\u00f1adas estrictamente para <\/span>\n                      <span\n                        style=\"font-weight: 800;\">cumplir los requerimientos<\/span><span style=\"font-weight: 600;\"> \u00fanicos de la industria agr\u00edcola.<\/span><\/p>\n                    <p><span style=\"font-weight: 600;\">A\u00f1o tras a\u00f1o, hemos trabajado junto a agricultores, productores y empresas para transformar la manera en que gestionan sus operaciones, convirtiendo la informaci\u00f3n en el m\u00e1s valioso activo. A lo largo de estas d\u00e9cadas, hemos expandido nuestro alcance desde <\/span>\n                      <span\n                        style=\"font-weight: 800;\">M\u00e9xico hacia Estados Unidos<\/span><span style=\"font-weight: 600;\">, consolidando una presencia robusta y llevando innovaci\u00f3n a cada rinc\u00f3n de las tierras donde nuestros clientes cultiven su futuro.<\/span><\/p>\n                    <p><span style=\"font-weight: 600;\">En <\/span><span style=\"font-weight: 800;\">SYS21,<\/span><span style=\"font-weight: 600;\"> nuestro equipo est\u00e1 compuesto por profesionales visionarios que entienden que nuestro prop\u00f3sito va m\u00e1s all\u00e1 de desarrollar software; se trata de servir a quienes est\u00e1n en el campo, en el invernadero y en las cadenas de suministro. Nuestro objetivo es apoyar a nuestros clientes con herramientas intuitivas y poderosas, para tomar decisiones estrat\u00e9gicas y sostenibles.&nbsp;<\/span><\/p>\n                    <p><span style=\"font-weight: 600;\">En este mundo cada vez m\u00e1s interconectado y desafiante, estamos dedicados a seguir creciendo contigo, impulsando un ma\u00f1ana lleno de oportunidades. Creemos firmemente en la agricultura como la piedra angular del desarrollo y la prosperidad, y nuestras soluciones est\u00e1n aqu\u00ed para innovar este viaje apasionante.<\/span><\/p>\n                    <p><span style=\"font-weight: 600;\">Bienvenido a<\/span><span style=\"font-weight: 800;\"> SYS21<\/span><span style=\"font-weight: 600;\">, donde tradici\u00f3n e innovaci\u00f3n se unen para cultivar el futuro.<\/span><\/p>\n                    <p>\n                      <br>\n                    <\/p>\n                  <\/div>\n                <\/div>\n              <\/div>\n            <\/div>\n          <\/div>\n          <div class=\"h-column h-column-container d-flex h-col-lg-auto h-col-md-auto h-col-auto style-1443-outer style-local-1947-c7-outer\">\n            <div data-colibri-id=\"1947-c7\" class=\"d-flex h-flex-basis h-column__inner h-px-lg-0 h-px-md-0 h-px-0 v-inner-lg-0 v-inner-md-0 v-inner-0 style-1443 style-local-1947-c7 position-relative\">\n              <!---->\n              <!---->\n              <div class=\"w-100 h-y-container h-column__content h-column__v-align flex-basis-100 align-self-lg-center align-self-md-center align-self-center\">\n                <!---->\n                <div data-colibri-id=\"1947-c8\" data-aos=\"fadeIn\" class=\"h-multiple-image style-1444 style-local-1947-c8 position-relative h-element\">\n                  <!---->\n                  <div class=\"position-relative\">\n                    <div class=\"h-multiple-image-inside-container\">\n                      <div class=\"ratio-inner\"><\/div>\n                    <\/div>\n                  <\/div>\n                <\/div>\n              <\/div>\n            <\/div>\n          <\/div>\n        <\/div>\n      <\/div>\n      <div data-colibri-id=\"1947-c9\" class=\"h-row-container gutters-row-lg-2 gutters-row-md-2 gutters-row-0 gutters-row-v-lg-2 gutters-row-v-md-2 gutters-row-v-2 style-1448 style-local-1947-c9 position-relative\">\n        <!---->\n        <div class=\"h-row justify-content-lg-center justify-content-md-center justify-content-center align-items-lg-stretch align-items-md-stretch align-items-stretch gutters-col-lg-2 gutters-col-md-2 gutters-col-0 gutters-col-v-lg-2 gutters-col-v-md-2 gutters-col-v-2\">\n          <!---->\n          <div class=\"h-column h-column-container d-flex h-col-lg-auto h-col-md-auto h-col-auto style-1449-outer style-local-1947-c10-outer\">\n            <div data-colibri-id=\"1947-c10\" class=\"d-flex h-flex-basis h-column__inner h-px-lg-2 h-px-md-2 h-px-2 v-inner-lg-2 v-inner-md-2 v-inner-2 style-1449 style-local-1947-c10 position-relative\">\n              <!---->\n              <!---->\n              <div class=\"w-100 h-y-container h-column__content h-column__v-align flex-basis-100 align-self-lg-start align-self-md-start align-self-start\">\n                <!---->\n                <div data-colibri-id=\"1947-c11\" class=\"h-global-transition-all h-heading style-1450 style-local-1947-c11 position-relative h-element\">\n                  <!---->\n                  <div data-aos=\"fadeInUp\" class=\"h-heading__outer style-1450 style-local-1947-c11\">\n                    <!---->\n                    <!---->\n                    <h1 class=\"\"><span style=\"font-family: &quot;Archivo Black&quot;;\">JUNTOS EN CADA PASO HACIA EL \u00c9XITO<\/span><\/h1>\n                  <\/div>\n                <\/div>\n              <\/div>\n            <\/div>\n          <\/div>\n        <\/div>\n      <\/div>\n      <div data-colibri-id=\"1947-c12\" class=\"h-row-container gutters-row-lg-2 gutters-row-md-2 gutters-row-0 gutters-row-v-lg-2 gutters-row-v-md-2 gutters-row-v-2 style-1451 style-local-1947-c12 position-relative\">\n        <!---->\n        <div class=\"h-row justify-content-lg-center justify-content-md-center justify-content-center align-items-lg-stretch align-items-md-stretch align-items-stretch gutters-col-lg-2 gutters-col-md-2 gutters-col-0 gutters-col-v-lg-2 gutters-col-v-md-2 gutters-col-v-2\">\n          <!---->\n          <div class=\"h-column h-column-container d-flex h-col-lg-auto h-col-md-auto h-col-auto style-1452-outer style-local-1947-c13-outer\">\n            <div data-colibri-id=\"1947-c13\" class=\"d-flex h-flex-basis h-column__inner h-px-lg-2 h-px-md-2 h-px-2 v-inner-lg-2 v-inner-md-2 v-inner-2 style-1452 style-local-1947-c13 position-relative\">\n              <!---->\n              <!---->\n              <div class=\"w-100 h-y-container h-column__content h-column__v-align flex-basis-100 align-self-lg-start align-self-md-start align-self-start\">\n                <!---->\n                <div data-colibri-id=\"1947-c14\" class=\"h-x-container style-1453 style-local-1947-c14 position-relative h-element\">\n                  <!---->\n                  <div class=\"h-x-container-inner style-dynamic-1947-c14-group style-1453-spacing style-local-1947-c14-spacing\"><span class=\"h-button__outer style-1454-outer style-local-1947-c15-outer d-inline-flex h-element\"><a h-use-smooth-scroll=\"true\" href=\"https:\/\/api.whatsapp.com\/message\/46ZY6VDLRCQOE1?autoload=1&amp;app_absent=0\"  data-colibri-id=\"1947-c15\" class=\"d-flex w-100 align-items-center h-button justify-content-lg-center justify-content-md-center justify-content-center style-1454 style-local-1947-c15 position-relative\"><!----><!----> <span>CONTACTA CON UN ASESOR<\/span><\/a>\n                    <\/span>\n                  <\/div>\n                <\/div>\n              <\/div>\n            <\/div>\n          <\/div>\n        <\/div>\n      <\/div>\n    <\/div>\n  <\/div>\n<\/div>","protected":false},"excerpt":{"rendered":"<p>QUI\u00c9NES SOMOS Fundada hace m\u00e1s de 40 a\u00f1os en el coraz\u00f3n agr\u00edcola de Sinaloa, un lugar donde la agricultura es el latido de la comunidad y la tierra cuenta historias de esfuerzo y dedicaci\u00f3n. Desde nuestros inicios, nos hemos dedicado a ofrecer soluciones tecnol\u00f3gicas integrales, dise\u00f1adas estrictamente para cumplir los requerimientos \u00fanicos de la industria [&hellip;]<\/p>\n","protected":false},"author":1,"featured_media":0,"parent":0,"menu_order":0,"comment_status":"closed","ping_status":"closed","template":"page-templates\/full-width-page.php","meta":{"footnotes":""},"class_list":["post-1947","page","type-page","status-publish","hentry"],"_links":{"self":[{"href":"https:\/\/sys21.mx\/index.php\/wp-json\/wp\/v2\/pages\/1947","targetHints":{"allow":["GET"]}}],"collection":[{"href":"https:\/\/sys21.mx\/index.php\/wp-json\/wp\/v2\/pages"}],"about":[{"href":"https:\/\/sys21.mx\/index.php\/wp-json\/wp\/v2\/types\/page"}],"author":[{"embeddable":true,"href":"https:\/\/sys21.mx\/index.php\/wp-json\/wp\/v2\/users\/1"}],"replies":[{"embeddable":true,"href":"https:\/\/sys21.mx\/index.php\/wp-json\/wp\/v2\/comments?post=1947"}],"version-history":[{"count":8,"href":"https:\/\/sys21.mx\/index.php\/wp-json\/wp\/v2\/pages\/1947\/revisions"}],"predecessor-version":[{"id":2174,"href":"https:\/\/sys21.mx\/index.php\/wp-json\/wp\/v2\/pages\/1947\/revisions\/2174"}],"wp:attachment":[{"href":"https:\/\/sys21.mx\/index.php\/wp-json\/wp\/v2\/media?parent=1947"}],"curies":[{"name":"wp","href":"https:\/\/api.w.org\/{rel}","templated":true}]}}